{"id":363,"date":"2025-12-11T14:34:02","date_gmt":"2025-12-11T13:34:02","guid":{"rendered":"https:\/\/lafermedes4chemins.fr\/?page_id=363"},"modified":"2025-12-12T15:12:26","modified_gmt":"2025-12-12T14:12:26","slug":"mentions-legales","status":"publish","type":"page","link":"https:\/\/lafermedes4chemins.fr\/?page_id=363","title":{"rendered":"Mentions L\u00e9gales"},"content":{"rendered":"\n<div class=\"wp-block-group is-vertical is-layout-flex wp-container-core-group-is-layout-aeb27a97 wp-block-group-is-layout-flex\" style=\"margin-top:var(--wp--preset--spacing--30);margin-bottom:var(--wp--preset--spacing--30)\">\n<h2 class=\"wp-block-heading\">1. \u00c9diteur du site<\/h2>\n\n\n\n<p>Le pr\u00e9sent site internet <strong><a href=\"https:\/\/lafermedes4chemins.fr\/?utm_source=chatgpt.com\">https:\/\/lafermedes4chemins.fr\/<\/a><\/strong> est \u00e9dit\u00e9 par :<\/p>\n\n\n\n<p><strong>Abelleyt Isabelle<\/strong><br>Entreprise individuelle<br>Nom commercial : <em>La Ferme des 4 Chemins<\/em><br>Adresse : <strong>724 route de Cassel \u2013 59670 Sainte-Marie-Cappel \u2013 France<\/strong><br>SIREN : <strong>429 119 373<\/strong><br>SIRET : <strong>429 119 373 00018<\/strong><br>Forme juridique : Entrepreneur individuel<br>Code APE : <strong>01.50Z \u2013 Culture et \u00e9levage associ\u00e9s<\/strong><br>TVA intracommunautaire : <strong>FR30 429 119 373<\/strong><\/p>\n<\/div>\n\n\n\n<div class=\"wp-block-group is-vertical is-layout-flex wp-container-core-group-is-layout-fe9cc265 wp-block-group-is-layout-flex\">\n<h2 class=\"wp-block-heading\">2. Directeur de la publication<\/h2>\n\n\n\n<p>Le Directeur de la publication responsable de la publication du contenu du site est :<\/p>\n\n\n\n<p><strong>Madame Isabelle Abelleyt<\/strong><br>Email : <strong><a>lafermedes4chemins@gmail.com<\/a><\/strong><\/p>\n<\/div>\n\n\n\n<div class=\"wp-block-group is-vertical is-layout-flex wp-container-core-group-is-layout-fe9cc265 wp-block-group-is-layout-flex\">\n<h2 class=\"wp-block-heading\">3. H\u00e9bergeur<\/h2>\n\n\n\n<p>Le site est h\u00e9berg\u00e9 par :<br><strong>IONOS SE<\/strong><br>Adresse : <strong>7 Pl. de la Gare, 57200 Sarreguemines \u2013 France<\/strong><br>T\u00e9l\u00e9phone : <strong>0970 808 911<\/strong><br>Site web : <a href=\"https:\/\/www.ionos.fr\/\">https:\/\/www.ionos.fr\/<\/a><\/p>\n<\/div>\n\n\n\n<div class=\"wp-block-group is-vertical is-layout-flex wp-container-core-group-is-layout-fe9cc265 wp-block-group-is-layout-flex\">\n<h2 class=\"wp-block-heading\">4. Pr\u00e9sentation du site<\/h2>\n\n\n\n<p>Le site <strong>lafermedes4chemins.fr<\/strong> a pour objet de pr\u00e9senter l\u2019activit\u00e9 de l\u2019exploitation agricole <em>La Ferme des 4 Chemins<\/em>, ses produits et services, ainsi que les moyens de contact pour les commandes.<br>Aucune vente en ligne n\u2019est r\u00e9alis\u00e9e directement sur ce site. Les commandes sont possibles par email ou par t\u00e9l\u00e9phone.<\/p>\n<\/div>\n\n\n\n<div class=\"wp-block-group is-vertical is-layout-flex wp-container-core-group-is-layout-fe9cc265 wp-block-group-is-layout-flex\">\n<h2 class=\"wp-block-heading\">5. Donn\u00e9es personnelles<\/h2>\n\n\n\n<p>Le site ne contient <strong>aucun formulaire de collecte de donn\u00e9es<\/strong>.<br>Le seul contact possible est par email ou par t\u00e9l\u00e9phone.<\/p>\n\n\n\n<p>Lorsque vous envoyez un email \u00e0 partir de votre logiciel de messagerie, les informations que vous communiquez le sont <strong>directement \u00e0 la Ferme des 4 Chemins<\/strong>.<br>Ces donn\u00e9es (adresse email, num\u00e9ro de t\u00e9l\u00e9phone, contenu des messages) sont trait\u00e9es uniquement dans le cadre des \u00e9changes que vous engagez avec l\u2019entreprise.<\/p>\n\n\n\n<h3 class=\"wp-block-heading\">Finalit\u00e9 du traitement<\/h3>\n\n\n\n<p>Les donn\u00e9es sont utilis\u00e9es pour :<\/p>\n\n\n\n<ul class=\"wp-block-list\">\n<li>r\u00e9pondre \u00e0 vos demandes d\u2019information,<\/li>\n\n\n\n<li>traiter vos commandes,<\/li>\n\n\n\n<li>vous recontacter si n\u00e9cessaire.<\/li>\n<\/ul>\n\n\n\n<h3 class=\"wp-block-heading\">Conservation<\/h3>\n\n\n\n<p>Les donn\u00e9es personnelles re\u00e7ues sont conserv\u00e9es uniquement le temps n\u00e9cessaire au traitement de votre demande.<\/p>\n<\/div>\n\n\n\n<div class=\"wp-block-group is-vertical is-layout-flex wp-container-core-group-is-layout-fe9cc265 wp-block-group-is-layout-flex\">\n<h2 class=\"wp-block-heading\">6. Cookies<\/h2>\n\n\n\n<p>Le site <strong>n\u2019utilise pas de cookies \u00e0 des fins commerciales ou de suivi publicitaire<\/strong>.<\/p>\n\n\n\n<p>Cependant, comme tous les sites web, certaines informations techniques peuvent \u00eatre temporairement stock\u00e9es par votre navigateur pour assurer le fonctionnement du site (cookies techniques).<br>Aucun cookie de profilage ou de pistage n\u2019est mis en place volontairement.<\/p>\n<\/div>\n\n\n\n<div class=\"wp-block-group is-vertical is-layout-flex wp-container-core-group-is-layout-fe9cc265 wp-block-group-is-layout-flex\">\n<h2 class=\"wp-block-heading\">7. Propri\u00e9t\u00e9 intellectuelle<\/h2>\n\n\n\n<p>L\u2019ensemble du contenu du site (textes, images, logos, ic\u00f4nes, vid\u00e9os, charte graphique, structure) est prot\u00e9g\u00e9 par la l\u00e9gislation fran\u00e7aise et internationale sur les droits d\u2019auteur et la propri\u00e9t\u00e9 intellectuelle.<br>Toute reproduction ou repr\u00e9sentation, totale ou partielle, faite sans le consentement \u00e9crit de l\u2019\u00e9diteur est interdite.<\/p>\n<\/div>\n\n\n\n<div class=\"wp-block-group is-vertical is-layout-flex wp-container-core-group-is-layout-fe9cc265 wp-block-group-is-layout-flex\">\n<h2 class=\"wp-block-heading\">8. Responsabilit\u00e9<\/h2>\n\n\n\n<p>Le contenu du site est fourni \u00e0 titre informatif.<br>La Ferme des 4 Chemins met tout en \u0153uvre pour garantir l\u2019exactitude des informations, mais ne peut garantir qu\u2019elles soient parfaitement \u00e0 jour ou exemptes d\u2019erreurs.<\/p>\n\n\n\n<p>La responsabilit\u00e9 de l\u2019\u00e9diteur ne pourra \u00eatre engag\u00e9e pour :<\/p>\n\n\n\n<ul class=\"wp-block-list\">\n<li>des dommages directs ou indirects r\u00e9sultant de l\u2019acc\u00e8s ou de l\u2019utilisation du site,<\/li>\n\n\n\n<li>des interruptions ou dysfonctionnements du site,<\/li>\n\n\n\n<li>des virus ou autres \u00e9l\u00e9ments dommageables survenant lors de l\u2019acc\u00e8s ou l\u2019utilisation du site.<\/li>\n<\/ul>\n<\/div>\n\n\n\n<div class=\"wp-block-group is-vertical is-layout-flex wp-container-core-group-is-layout-fe9cc265 wp-block-group-is-layout-flex\">\n<h2 class=\"wp-block-heading\">9. Droit applicable et juridiction<\/h2>\n\n\n\n<p>Les pr\u00e9sentes mentions l\u00e9gales et le fonctionnement du site sont soumis \u00e0 la loi fran\u00e7aise.<br>Tout litige sera de la comp\u00e9tence exclusive des tribunaux fran\u00e7ais.<\/p>\n<\/div>\n","protected":false},"excerpt":{"rendered":"<p>1. \u00c9diteur du site Le pr\u00e9sent site internet https:\/\/lafermedes4chemins.fr\/ est \u00e9dit\u00e9 par : Abelleyt IsabelleEntreprise individuelleNom commercial : La Ferme des 4 CheminsAdresse : 724 route de Cassel \u2013 59670 Sainte-Marie-Cappel \u2013 FranceSIREN : 429 119 373SIRET : 429 119 373 00018Forme juridique : Entrepreneur individuelCode APE : 01.50Z \u2013 Culture et \u00e9levage associ\u00e9sTVA intracommunautaire [&hellip;]<\/p>\n","protected":false},"author":1,"featured_media":0,"parent":0,"menu_order":0,"comment_status":"closed","ping_status":"closed","template":"page-with-title","meta":{"om_disable_all_campaigns":false,"_monsterinsights_skip_tracking":false,"_monsterinsights_sitenote_active":false,"_monsterinsights_sitenote_note":"","_monsterinsights_sitenote_category":0,"footnotes":""},"class_list":["post-363","page","type-page","status-publish","hentry"],"aioseo_notices":[],"jetpack_sharing_enabled":true,"_links":{"self":[{"href":"https:\/\/lafermedes4chemins.fr\/index.php?rest_route=\/wp\/v2\/pages\/363","targetHints":{"allow":["GET"]}}],"collection":[{"href":"https:\/\/lafermedes4chemins.fr\/index.php?rest_route=\/wp\/v2\/pages"}],"about":[{"href":"https:\/\/lafermedes4chemins.fr\/index.php?rest_route=\/wp\/v2\/types\/page"}],"author":[{"embeddable":true,"href":"https:\/\/lafermedes4chemins.fr\/index.php?rest_route=\/wp\/v2\/users\/1"}],"replies":[{"embeddable":true,"href":"https:\/\/lafermedes4chemins.fr\/index.php?rest_route=%2Fwp%2Fv2%2Fcomments&post=363"}],"version-history":[{"count":1,"href":"https:\/\/lafermedes4chemins.fr\/index.php?rest_route=\/wp\/v2\/pages\/363\/revisions"}],"predecessor-version":[{"id":364,"href":"https:\/\/lafermedes4chemins.fr\/index.php?rest_route=\/wp\/v2\/pages\/363\/revisions\/364"}],"wp:attachment":[{"href":"https:\/\/lafermedes4chemins.fr\/index.php?rest_route=%2Fwp%2Fv2%2Fmedia&parent=363"}],"curies":[{"name":"wp","href":"https:\/\/api.w.org\/{rel}","templated":true}]}}